4 + 2 - n. Let y be u(-2). What is the highest common divisor of y and 14?
2
Suppose 4*l + 5*o - 7100 = 0, 3*o = l + 9*o - 1775. Calculate the highest common factor of l and 350.
25
Let g be (2010/24)/((-20)/(-32)) + 1 + -5. Calculate the greatest common divisor of 190 and g.
10
Let i(h) = -32*h - 460. Let o(r) = 21*r + 307. Let n(a) = -5*i(a) - 7*o(a). Let b be n(-8). Calculate the greatest common factor of b and 47.
47
Suppose -4*f = -5*a - 938, -5*f = -8*a + 3*a - 935. Let u = 214 + a. Calculate the highest common factor of 48 and u.
24
Suppose 0 = 7*h - 13*h - 222. Let o be h - (1 + -3)*15/10. Let b = -31 - o. What is the highest common divisor of b and 15?
3
Let c = 3141 - 1857. Suppose -7*i - 192 = -c. Calculate the highest common factor of 104 and i.
52
Let j = 352 + -816. Let l = j - -474. Calculate the greatest common divisor of l and 410.
10
Suppose 0 = -11*l + 1000 + 223 + 141. What is the greatest common factor of l and 1426?
62
Let v(z) be the first derivative of 33*z**2/2 + 4*z - 48. Let d be v(2). Let i = 44 - 34. What is the highest common factor of d and i?
10
Let k = -1589 - -1594. Let x be -1 + 28 - 0 - 2. Calculate the greatest common divisor of x and k.
5
Let w be -3*(9/(-6) + (-3)/(-6)). Suppose -68 = -w*k - 5*l, 6*l = -4*k + 3*l + 87. Calculate the highest common factor of 189 and k.
21
Let s be 384/432 - (-222)/54. Calculate the highest common divisor of s and 1000.
5
Let t be -1*3/(-2)*238. Suppose k - 14 = -658*a + 663*a, 0 = 5*k - 5*a - 70. What is the highest common divisor of k and t?
7
Let i = -360 - -336. Let f be 4*6/i + (27 - -2). Calculate the greatest common divisor of f and 210.
14
Let m be 616/12*(-8)/(56/21). Let a = -130 - m. What is the highest common divisor of 552 and a?
24
Let u = -21582 + 25038. Calculate the greatest common factor of 54 and u.
54
Suppose 0 = 5*j + 76*z - 72*z - 63, 5*j - 66 = -3*z. Suppose -4*g + 2*y + y = -28, g = -4*y + 26. Calculate the highest common factor of g and j.
5
Let u = 14852 + -10347. What is the highest common divisor of 85 and u?
85
Suppose -4*p - 64 - 104 = 4*x, 0 = -p - 2*x - 40. Suppose -345 = -10*i + 275. Let j = i + p. Calculate the greatest common divisor of j and 2.
2
Suppose 0 = c + 9*d - 8*d - 153, c - 2*d - 162 = 0. Let u be 37*1 - (6 + -8). Calculate the highest common divisor of u and c.
39
Let y(v) = -183*v + 168. Let u be y(0). Calculate the greatest common divisor of u and 408.
24
Suppose 48 = 11*n - 106. Suppose 4 = -2*m + n. Suppose -m*b + 2*b - 5*z + 27 = 0, 0 = -5*b - 5*z + 55. What is the highest common divisor of b and 126?
14
Let d(o) = -10*o**3 + 3*o**2 - 5*o + 10. Let l be d(3). Let q = l + 293. Calculate the greatest common divisor of 15 and q.
15
Let k = -1482 + 2880. Suppose -60 = 34*c - 30*c. Let n be -2 - (k/c + (-2)/(-10)). Calculate the highest common divisor of 13 and n.
13
Suppose -10*s + 357 = -253. Let d = -37 + s. Let b = d + 6. Calculate the highest common divisor of 12 and b.
6
Suppose -12*p = -4*p - 9107 - 1261. What is the greatest common divisor of p and 891?
81
Let i(n) = -n + 35. Let o be i(10). Let p = -23 + o. What is the highest common divisor of 4 and p?
2
Let l(i) = 2*i + 19. Let o be l(-8). Suppose -o*s - b = b - 154, -2*b + 104 = 2*s. Calculate the highest common divisor of 30 and s.
10
Let u = 16764 - 16242. Calculate the highest common divisor of u and 144.
18
Let i be (-27)/18*(160/(-12) - -6). Let v(l) = l**3 + 2*l**2 + 3*l - 5. Let a be v(9). What is the greatest common divisor of a and i?
11
Let h be 73/(-219) + 31/3. Suppose h*n - 8*n - 100 = 0. What is the highest common divisor of n and 90?
10
Let s(h) = 5*h**2 + 44*h - 8. Let a be s(-10). Calculate the highest common factor of 4264 and a.
52
Let q be 12/(-90) + (-17601)/(-45). What is the highest common factor of q and 3933?
23
Suppose 0*k - 156 = -3*k. Suppose -16 = 2*f - 18. Let o be k/(-4)*-7 - f. What is the highest common factor of 10 and o?
10
Suppose -3*m = 4*s - 1963, -7*m + 4*s = -8*m + 665. Calculate the greatest common divisor of 2773 and m.
59
Suppose -n - 3 = -4*s, 4*n - 5 = 3*n. Suppose p + u - 12 = -s*u, -3*p - 4*u + 31 = 0. What is the greatest common divisor of 423 and p?
9
Let f be 1 - ((-7)/(-28) - 5/4). Suppose 5*z - 24 = 4*g, z - 2 + 0 = -f*g. Let w(t) = -t + 10. Let b be w(z). What is the highest common factor of b and 54?
6
Let i be (1 + 2)*(-3 - -6). Let l(h) = -h**3 + 8*h**2 + 10*h - 3. Let a be l(i). Let j = a + -4. What is the greatest common divisor of 10 and j?
2
Suppose 17*j + 954 = 8*j. Let h = j + 197. What is the highest common divisor of h and 39?
13
Let d = 257 - 253. Suppose -3*k = 3*f, f + 10 = -d*k - 5. What is the greatest common factor of f and 45?
5
Suppose -40800 = 33689*p - 33723*p. Calculate the highest common factor of p and 528.
48
Let x(y) = -y**2 - 19*y + 42. Let r be x(-21). Let s be (1 - r)/((-10)/(5520/(-8))). What is the greatest common divisor of s and 46?
23
Let r be 12/14 + (-6240)/(-560). Calculate the highest common factor of r and 21.
3
Suppose 24058 = 9*m + 7327. Suppose -2476 = -17*p + m. Calculate the greatest common divisor of 15 and p.
15
Suppose -2*n - 5*z + 1327 = 0, 40*n + 5*z = 39*n + 661. What is the highest common factor of 5550 and n?
222
Let r(l) = 9*l**2 - 34*l + 37. Let s(m) = 13*m**2 - 50*m + 56. Let q(f) = -7*r(f) + 5*s(f). Let p be q(2). What is the highest common divisor of 15 and p?
5
Let h be 3/5 + (-33999)/(-35). Suppose -3*q + 180 = 2*q + p, 2*p - 108 = -3*q. Calculate the highest common factor of q and h.
36
Let m = 66 - 59. Suppose 491 - 127 = 13*d. What is the greatest common factor of d and m?
7
Let f be (-8)/12 + (-89)/(-3). Let z = -4577 + 5766. What is the greatest common divisor of z and f?
29
Let c be 6/14 - 44976/(-14). Calculate the highest common factor of c and 612.
153
Let o be (-2)/5 + 39/((-4680)/(-105888)). Calculate the highest common divisor of o and 84.
42
Let n(c) = -8*c - 12. Suppose 2*z = s + 2, 5*s = -4*z + s - 8. Suppose z = -i + 3 - 6. Let b be n(i). Calculate the highest common divisor of b and 108.
12
Let w(i) = -14*i**3 + 30*i**2 + 8*i - 13. Let h be w(2). Let j = 5 + 9. Let g be 4/(-14) - (-1236)/j. Calculate the greatest common factor of g and h.
11
Let f = 466 + -454. Suppose -f*u + 95 + 73 = 0. Let c = 104 + -48. Calculate the greatest common factor of c and u.
14
Let r(t) = t**2 + 9*t + 7. Let i be r(6). Suppose -i = -3*k - 10. Let b = 0 + k. What is the highest common divisor of 116 and b?
29
Let u(h) = -h**3 + 24*h**2 - 18*h - 71. Let l be u(23). What is the highest common divisor of l and 24?
4
Suppose -31*a - 305 = -26*a. Let n = a - -66. Calculate the greatest common divisor of 80 and n.
5
Let s = -12 + 21. Let w be ((-12)/36)/(2 + 2165/(-1083)). Let i = -352 - w. Calculate the highest common divisor of s and i.
9
Let t be (-1 - -3)*(108 + -58). Calculate the greatest common divisor of t and 180.
20
Suppose 0*f - f + 6*f - 3825 = 0. What is the greatest common factor of 7497 and f?
153
Let w(i) = i**3 + 26*i**2 + 22*i - 54. Let r be w(-6). Calculate the highest common factor of r and 3.
3
Let r(c) = -19*c**3 + 2*c**2 + 2*c + 1. Let a be r(-1). Suppose 4*m = 3*m + 401. Suppose -9*y + m = 41. Calculate the highest common divisor of a and y.
20
Suppose -3*z - 54 = -13*k + 12*k, -5*k + 4*z + 303 = 0. Suppose -d = -4, -k - 511 = -5*p - d. Calculate the greatest common divisor of p and 57.
57
Let b(w) = 6*w**2 + 74*w - 869. Let z be b(-28). Calculate the highest common factor of 1 and z.
1
Let j = -1523 - -4614. Calculate the highest common factor of j and 33.
11
Suppose -228982 = -121*u + 368637. Calculate the highest common factor of 22 and u.
11
Suppose -3*v + 1808 = 5*c, 31*v - 6*c - 18792 = -3*c. Calculate the highest common factor of 24 and v.
6
Let t = 112 - 35. Suppose -t = 5*y - 192. Let c = y + 1. What is the highest common divisor of c and 36?
12
Let g(h) = -267*h + 61. Let i be g(5). Let f = -830 - i. Calculate the highest common divisor of 6 and f.
6
Let n(i) = -1323*i - 1296*i - 4*i**2 - 2 + 2565*i. Let m be n(-9). Let q(y) = 15*y + 2. Let k be q(2). What is the greatest common factor of k and m?
32
Let r = -4224 - -5440. Calculate the greatest common divisor of 285 and r.
19
Suppose -7 - 18 = -5*h. Suppose h*x - 28 = -18. Supp